{"id":44592,"date":"2024-11-11T13:01:28","date_gmt":"2024-11-11T12:01:28","guid":{"rendered":"https:\/\/www.eberhard-co-watches.ch\/eberhard-world\/11a-biennale-del-patrimonio-orologiero\/"},"modified":"2024-11-11T13:03:18","modified_gmt":"2024-11-11T12:03:18","slug":"11a-biennale-del-patrimonio-orologiero","status":"publish","type":"eberhard-world","link":"https:\/\/www.eberhard-co-watches.ch\/fr\/eberhard-world\/11a-biennale-del-patrimonio-orologiero\/","title":{"rendered":"11e Biennale du Patrimoine Horloger de La Chaux-de-Fonds"},"content":{"rendered":"<p>\u00c0 l&#8217;occasion de la 11e Biennale du Patrimoine Horloger de La Chaux-de-Fonds, c\u00e9l\u00e9brant la riche tradition horlog\u00e8re suisse, Eberhard &amp; Co. a d\u00e9voil\u00e9 en avant-premi\u00e8re aux visiteurs la derni\u00e8re acquisition du Mus\u00e9e, ajoutant ainsi un nouveau chapitre \u00e0 l\u2019histoire de la Maison : une montre de poche de 1930, dot\u00e9e d\u2019un mouvement m\u00e9canique \u00e0 remontage manuel, caract\u00e9ris\u00e9e par un bo\u00eetier carr\u00e9 bicolore aux formes arrondies en or jaune et gris 18 kt.<br \/>\nCette montre d\u00e9gage une \u00e9l\u00e9gance discr\u00e8te et raffin\u00e9e, avec un bo\u00eetier aux lignes \u00e9pur\u00e9es qui encadre un cadran blanc orn\u00e9 de chiffres arabes sophistiqu\u00e9s et d\u2019aiguilles noires &#8220;Scoties&#8221;. Le compteur des secondes, plac\u00e9 \u00e0 6 heures, reprend la forme du bo\u00eetier, avec une \u00e9chelle &#8220;chemin de fer&#8221; en harmonie avec celle de la minuterie p\u00e9rim\u00e9trique. Le verre min\u00e9ral convexe et fa\u00e7onn\u00e9 sur mesure, con\u00e7u pour suivre parfaitement les courbes arrondies du bo\u00eetier, m\u00e9rite une attention particuli\u00e8re.<br \/>\nCe garde-temps incarne une esth\u00e9tique d&#8217;\u00e9l\u00e9gance sobre et provient d&#8217;une p\u00e9riode de grande effervescence pour la soci\u00e9t\u00e9, fond\u00e9e en 1887 par Georges-Lucien Eberhard et, \u00e0 l&#8217;\u00e9poque, dirig\u00e9e par son h\u00e9ritier Georges-\u00c9mile. Dans un contexte horloger marqu\u00e9 par la crise mondiale provoqu\u00e9e par le krach de Wall Street et la Grande D\u00e9pression, Eberhard &amp; Co. s\u2019est distingu\u00e9e comme l&#8217;une des entreprises du secteur capable de relever les d\u00e9fis de l&#8217;\u00e9poque, en proposant non seulement des montres de poche, mais aussi des montres-bracelets innovantes, le tout avec un excellent rapport qualit\u00e9-prix, une caract\u00e9ristique qui a toujours marqu\u00e9 l\u2019histoire de la Maison.<\/p>\n","protected":false},"featured_media":44576,"template":"","news-world":[],"class_list":["post-44592","eberhard-world","type-eberhard-world","status-publish","has-post-thumbnail","hentry"],"acf":[],"yoast_head":"<!-- This site is optimized with the Yoast SEO plugin v23.9 - https:\/\/yoast.com\/wordpress\/plugins\/seo\/ -->\n<title>11e Biennale du Patrimoine Horloger de La Chaux-de-Fonds - Eberhard &amp; Co.<\/title>\n<meta name=\"description\" content=\"\u00c0 l&#039;occasion de la 11e Biennale du Patrimoine Horloger de La Chaux-de-Fonds, c\u00e9l\u00e9brant la riche tradition horlog\u00e8re suisse, Eberhard &amp; Co. a d\u00e9voil\u00e9\" \/>\n<meta name=\"robots\" content=\"index, follow, max-snippet:-1, max-image-preview:large, max-video-preview:-1\" \/>\n<link rel=\"canonical\" href=\"https:\/\/www.eberhard-co-watches.ch\/fr\/eberhard-world\/11a-biennale-del-patrimonio-orologiero\/\" \/>\n<meta property=\"og:locale\" content=\"fr_FR\" \/>\n<meta property=\"og:type\" content=\"article\" \/>\n<meta property=\"og:title\" content=\"11e Biennale du Patrimoine Horloger de La Chaux-de-Fonds - Eberhard &amp; Co.\" \/>\n<meta property=\"og:description\" content=\"\u00c0 l&#039;occasion de la 11e Biennale du Patrimoine Horloger de La Chaux-de-Fonds, c\u00e9l\u00e9brant la riche tradition horlog\u00e8re suisse, Eberhard &amp; Co. a d\u00e9voil\u00e9\" \/>\n<meta property=\"og:url\" content=\"https:\/\/www.eberhard-co-watches.ch\/fr\/eberhard-world\/11a-biennale-del-patrimonio-orologiero\/\" \/>\n<meta property=\"og:site_name\" content=\"Eberhard &amp; Co.\" \/>\n<meta property=\"article:modified_time\" content=\"2024-11-11T12:03:18+00:00\" \/>\n<meta property=\"og:image\" content=\"https:\/\/www.eberhard-co-watches.ch\/wp-content\/uploads\/2024\/11\/MINIATURE-SITO-Biennale-2.png\" \/>\n\t<meta property=\"og:image:width\" content=\"360\" \/>\n\t<meta property=\"og:image:height\" content=\"460\" \/>\n\t<meta property=\"og:image:type\" content=\"image\/png\" \/>\n<meta name=\"twitter:card\" content=\"summary_large_image\" \/>\n<script type=\"application\/ld+json\" class=\"yoast-schema-graph\">{\"@context\":\"https:\/\/schema.org\",\"@graph\":[{\"@type\":\"WebPage\",\"@id\":\"https:\/\/www.eberhard-co-watches.ch\/fr\/eberhard-world\/11a-biennale-del-patrimonio-orologiero\/\",\"url\":\"https:\/\/www.eberhard-co-watches.ch\/fr\/eberhard-world\/11a-biennale-del-patrimonio-orologiero\/\",\"name\":\"11e Biennale du Patrimoine Horloger de La Chaux-de-Fonds - Eberhard &amp; Co.\",\"isPartOf\":{\"@id\":\"https:\/\/www.eberhard-co-watches.ch\/fr\/#website\"},\"primaryImageOfPage\":{\"@id\":\"https:\/\/www.eberhard-co-watches.ch\/fr\/eberhard-world\/11a-biennale-del-patrimonio-orologiero\/#primaryimage\"},\"image\":{\"@id\":\"https:\/\/www.eberhard-co-watches.ch\/fr\/eberhard-world\/11a-biennale-del-patrimonio-orologiero\/#primaryimage\"},\"thumbnailUrl\":\"https:\/\/www.eberhard-co-watches.ch\/wp-content\/uploads\/2024\/11\/MINIATURE-SITO-Biennale-2.png\",\"datePublished\":\"2024-11-11T12:01:28+00:00\",\"dateModified\":\"2024-11-11T12:03:18+00:00\",\"description\":\"\u00c0 l'occasion de la 11e Biennale du Patrimoine Horloger de La Chaux-de-Fonds, c\u00e9l\u00e9brant la riche tradition horlog\u00e8re suisse, Eberhard &amp; Co. a d\u00e9voil\u00e9\",\"inLanguage\":\"fr-FR\",\"potentialAction\":[{\"@type\":\"ReadAction\",\"target\":[\"https:\/\/www.eberhard-co-watches.ch\/fr\/eberhard-world\/11a-biennale-del-patrimonio-orologiero\/\"]}]},{\"@type\":\"ImageObject\",\"inLanguage\":\"fr-FR\",\"@id\":\"https:\/\/www.eberhard-co-watches.ch\/fr\/eberhard-world\/11a-biennale-del-patrimonio-orologiero\/#primaryimage\",\"url\":\"https:\/\/www.eberhard-co-watches.ch\/wp-content\/uploads\/2024\/11\/MINIATURE-SITO-Biennale-2.png\",\"contentUrl\":\"https:\/\/www.eberhard-co-watches.ch\/wp-content\/uploads\/2024\/11\/MINIATURE-SITO-Biennale-2.png\",\"width\":360,\"height\":460},{\"@type\":\"WebSite\",\"@id\":\"https:\/\/www.eberhard-co-watches.ch\/fr\/#website\",\"url\":\"https:\/\/www.eberhard-co-watches.ch\/fr\/\",\"name\":\"Eberhard &amp; Co.\",\"description\":\"\",\"publisher\":{\"@id\":\"https:\/\/www.eberhard-co-watches.ch\/fr\/#organization\"},\"potentialAction\":[{\"@type\":\"SearchAction\",\"target\":{\"@type\":\"EntryPoint\",\"urlTemplate\":\"https:\/\/www.eberhard-co-watches.ch\/fr\/?s={search_term_string}\"},\"query-input\":{\"@type\":\"PropertyValueSpecification\",\"valueRequired\":true,\"valueName\":\"search_term_string\"}}],\"inLanguage\":\"fr-FR\"},{\"@type\":\"Organization\",\"@id\":\"https:\/\/www.eberhard-co-watches.ch\/fr\/#organization\",\"name\":\"Eberhard & Co. Watches\",\"url\":\"https:\/\/www.eberhard-co-watches.ch\/fr\/\",\"logo\":{\"@type\":\"ImageObject\",\"inLanguage\":\"fr-FR\",\"@id\":\"https:\/\/www.eberhard-co-watches.ch\/fr\/#\/schema\/logo\/image\/\",\"url\":\"\",\"contentUrl\":\"\",\"caption\":\"Eberhard & Co. Watches\"},\"image\":{\"@id\":\"https:\/\/www.eberhard-co-watches.ch\/fr\/#\/schema\/logo\/image\/\"}}]}<\/script>\n<!-- \/ Yoast SEO plugin. -->","yoast_head_json":{"title":"11e Biennale du Patrimoine Horloger de La Chaux-de-Fonds - Eberhard &amp; Co.","description":"\u00c0 l'occasion de la 11e Biennale du Patrimoine Horloger de La Chaux-de-Fonds, c\u00e9l\u00e9brant la riche tradition horlog\u00e8re suisse, Eberhard &amp; Co. a d\u00e9voil\u00e9","robots":{"index":"index","follow":"follow","max-snippet":"max-snippet:-1","max-image-preview":"max-image-preview:large","max-video-preview":"max-video-preview:-1"},"canonical":"https:\/\/www.eberhard-co-watches.ch\/fr\/eberhard-world\/11a-biennale-del-patrimonio-orologiero\/","og_locale":"fr_FR","og_type":"article","og_title":"11e Biennale du Patrimoine Horloger de La Chaux-de-Fonds - Eberhard &amp; Co.","og_description":"\u00c0 l'occasion de la 11e Biennale du Patrimoine Horloger de La Chaux-de-Fonds, c\u00e9l\u00e9brant la riche tradition horlog\u00e8re suisse, Eberhard &amp; Co. a d\u00e9voil\u00e9","og_url":"https:\/\/www.eberhard-co-watches.ch\/fr\/eberhard-world\/11a-biennale-del-patrimonio-orologiero\/","og_site_name":"Eberhard &amp; Co.","article_modified_time":"2024-11-11T12:03:18+00:00","og_image":[{"width":360,"height":460,"url":"https:\/\/www.eberhard-co-watches.ch\/wp-content\/uploads\/2024\/11\/MINIATURE-SITO-Biennale-2.png","type":"image\/png"}],"twitter_card":"summary_large_image","schema":{"@context":"https:\/\/schema.org","@graph":[{"@type":"WebPage","@id":"https:\/\/www.eberhard-co-watches.ch\/fr\/eberhard-world\/11a-biennale-del-patrimonio-orologiero\/","url":"https:\/\/www.eberhard-co-watches.ch\/fr\/eberhard-world\/11a-biennale-del-patrimonio-orologiero\/","name":"11e Biennale du Patrimoine Horloger de La Chaux-de-Fonds - Eberhard &amp; Co.","isPartOf":{"@id":"https:\/\/www.eberhard-co-watches.ch\/fr\/#website"},"primaryImageOfPage":{"@id":"https:\/\/www.eberhard-co-watches.ch\/fr\/eberhard-world\/11a-biennale-del-patrimonio-orologiero\/#primaryimage"},"image":{"@id":"https:\/\/www.eberhard-co-watches.ch\/fr\/eberhard-world\/11a-biennale-del-patrimonio-orologiero\/#primaryimage"},"thumbnailUrl":"https:\/\/www.eberhard-co-watches.ch\/wp-content\/uploads\/2024\/11\/MINIATURE-SITO-Biennale-2.png","datePublished":"2024-11-11T12:01:28+00:00","dateModified":"2024-11-11T12:03:18+00:00","description":"\u00c0 l'occasion de la 11e Biennale du Patrimoine Horloger de La Chaux-de-Fonds, c\u00e9l\u00e9brant la riche tradition horlog\u00e8re suisse, Eberhard &amp; Co. a d\u00e9voil\u00e9","inLanguage":"fr-FR","potentialAction":[{"@type":"ReadAction","target":["https:\/\/www.eberhard-co-watches.ch\/fr\/eberhard-world\/11a-biennale-del-patrimonio-orologiero\/"]}]},{"@type":"ImageObject","inLanguage":"fr-FR","@id":"https:\/\/www.eberhard-co-watches.ch\/fr\/eberhard-world\/11a-biennale-del-patrimonio-orologiero\/#primaryimage","url":"https:\/\/www.eberhard-co-watches.ch\/wp-content\/uploads\/2024\/11\/MINIATURE-SITO-Biennale-2.png","contentUrl":"https:\/\/www.eberhard-co-watches.ch\/wp-content\/uploads\/2024\/11\/MINIATURE-SITO-Biennale-2.png","width":360,"height":460},{"@type":"WebSite","@id":"https:\/\/www.eberhard-co-watches.ch\/fr\/#website","url":"https:\/\/www.eberhard-co-watches.ch\/fr\/","name":"Eberhard &amp; Co.","description":"","publisher":{"@id":"https:\/\/www.eberhard-co-watches.ch\/fr\/#organization"},"potentialAction":[{"@type":"SearchAction","target":{"@type":"EntryPoint","urlTemplate":"https:\/\/www.eberhard-co-watches.ch\/fr\/?s={search_term_string}"},"query-input":{"@type":"PropertyValueSpecification","valueRequired":true,"valueName":"search_term_string"}}],"inLanguage":"fr-FR"},{"@type":"Organization","@id":"https:\/\/www.eberhard-co-watches.ch\/fr\/#organization","name":"Eberhard & Co. Watches","url":"https:\/\/www.eberhard-co-watches.ch\/fr\/","logo":{"@type":"ImageObject","inLanguage":"fr-FR","@id":"https:\/\/www.eberhard-co-watches.ch\/fr\/#\/schema\/logo\/image\/","url":"","contentUrl":"","caption":"Eberhard & Co. Watches"},"image":{"@id":"https:\/\/www.eberhard-co-watches.ch\/fr\/#\/schema\/logo\/image\/"}}]}},"_links":{"self":[{"href":"https:\/\/www.eberhard-co-watches.ch\/fr\/wp-json\/wp\/v2\/eberhard-world\/44592"}],"collection":[{"href":"https:\/\/www.eberhard-co-watches.ch\/fr\/wp-json\/wp\/v2\/eberhard-world"}],"about":[{"href":"https:\/\/www.eberhard-co-watches.ch\/fr\/wp-json\/wp\/v2\/types\/eberhard-world"}],"version-history":[{"count":0,"href":"https:\/\/www.eberhard-co-watches.ch\/fr\/wp-json\/wp\/v2\/eberhard-world\/44592\/revisions"}],"wp:featuredmedia":[{"embeddable":true,"href":"https:\/\/www.eberhard-co-watches.ch\/fr\/wp-json\/wp\/v2\/media\/44576"}],"wp:attachment":[{"href":"https:\/\/www.eberhard-co-watches.ch\/fr\/wp-json\/wp\/v2\/media?parent=44592"}],"wp:term":[{"taxonomy":"news-world","embeddable":true,"href":"https:\/\/www.eberhard-co-watches.ch\/fr\/wp-json\/wp\/v2\/news-world?post=44592"}],"curies":[{"name":"wp","href":"https:\/\/api.w.org\/{rel}","templated":true}]}}

<p>À l&#8217;occasion de la 11e Biennale du Patrimoine Horloger de La Chaux-de-Fonds, célébrant la riche tradition horlogère suisse, Eberhard &amp; Co. a dévoilé en avant-première aux visiteurs la dernière acquisition du Musée, ajoutant ainsi un nouveau chapitre à l’histoire de la Maison : une montre de poche de 1930, dotée d’un mouvement mécanique à remontage manuel, caractérisée par un boîtier carré bicolore aux formes arrondies en or jaune et gris 18 kt.<br />
Cette montre dégage une élégance discrète et raffinée, avec un boîtier aux lignes épurées qui encadre un cadran blanc orné de chiffres arabes sophistiqués et d’aiguilles noires &#8220;Scoties&#8221;. Le compteur des secondes, placé à 6 heures, reprend la forme du boîtier, avec une échelle &#8220;chemin de fer&#8221; en harmonie avec celle de la minuterie périmétrique. Le verre minéral convexe et façonné sur mesure, conçu pour suivre parfaitement les courbes arrondies du boîtier, mérite une attention particulière.<br />
Ce garde-temps incarne une esthétique d&#8217;élégance sobre et provient d&#8217;une période de grande effervescence pour la société, fondée en 1887 par Georges-Lucien Eberhard et, à l&#8217;époque, dirigée par son héritier Georges-Émile. Dans un contexte horloger marqué par la crise mondiale provoquée par le krach de Wall Street et la Grande Dépression, Eberhard &amp; Co. s’est distinguée comme l&#8217;une des entreprises du secteur capable de relever les défis de l&#8217;époque, en proposant non seulement des montres de poche, mais aussi des montres-bracelets innovantes, le tout avec un excellent rapport qualité-prix, une caractéristique qui a toujours marqué l’histoire de la Maison.</p>

<!-- This site is optimized with the Yoast SEO plugin v23.9 - https://yoast.com/wordpress/plugins/seo/ -->
<title>11e Biennale du Patrimoine Horloger de La Chaux-de-Fonds - Eberhard &amp; Co.</title>
<meta name="description" content="À l&#039;occasion de la 11e Biennale du Patrimoine Horloger de La Chaux-de-Fonds, célébrant la riche tradition horlogère suisse, Eberhard &amp; Co. a dévoilé" />
<meta name="robots" content="index, follow, max-snippet:-1, max-image-preview:large, max-video-preview:-1" />
<link rel="canonical" href="https://www.eberhard-co-watches.ch/fr/eberhard-world/11a-biennale-del-patrimonio-orologiero/" />
<meta property="og:locale" content="fr_FR" />
<meta property="og:type" content="article" />
<meta property="og:title" content="11e Biennale du Patrimoine Horloger de La Chaux-de-Fonds - Eberhard &amp; Co." />
<meta property="og:description" content="À l&#039;occasion de la 11e Biennale du Patrimoine Horloger de La Chaux-de-Fonds, célébrant la riche tradition horlogère suisse, Eberhard &amp; Co. a dévoilé" />
<meta property="og:url" content="https://www.eberhard-co-watches.ch/fr/eberhard-world/11a-biennale-del-patrimonio-orologiero/" />
<meta property="og:site_name" content="Eberhard &amp; Co." />
<meta property="article:modified_time" content="2024-11-11T12:03:18+00:00" />
<meta property="og:image" content="https://www.eberhard-co-watches.ch/wp-content/uploads/2024/11/MINIATURE-SITO-Biennale-2.png" />
	<meta property="og:image:width" content="360" />
	<meta property="og:image:height" content="460" />
	<meta property="og:image:type" content="image/png" />
<meta name="twitter:card" content="summary_large_image" />
<script type="application/ld+json" class="yoast-schema-graph">{"@context":"https://schema.org","@graph":[{"@type":"WebPage","@id":"https://www.eberhard-co-watches.ch/fr/eberhard-world/11a-biennale-del-patrimonio-orologiero/","url":"https://www.eberhard-co-watches.ch/fr/eberhard-world/11a-biennale-del-patrimonio-orologiero/","name":"11e Biennale du Patrimoine Horloger de La Chaux-de-Fonds - Eberhard &amp; Co.","isPartOf":{"@id":"https://www.eberhard-co-watches.ch/fr/#website"},"primaryImageOfPage":{"@id":"https://www.eberhard-co-watches.ch/fr/eberhard-world/11a-biennale-del-patrimonio-orologiero/#primaryimage"},"image":{"@id":"https://www.eberhard-co-watches.ch/fr/eberhard-world/11a-biennale-del-patrimonio-orologiero/#primaryimage"},"thumbnailUrl":"https://www.eberhard-co-watches.ch/wp-content/uploads/2024/11/MINIATURE-SITO-Biennale-2.png","datePublished":"2024-11-11T12:01:28+00:00","dateModified":"2024-11-11T12:03:18+00:00","description":"À l'occasion de la 11e Biennale du Patrimoine Horloger de La Chaux-de-Fonds, célébrant la riche tradition horlogère suisse, Eberhard &amp; Co. a dévoilé","inLanguage":"fr-FR","potentialAction":[{"@type":"ReadAction","target":["https://www.eberhard-co-watches.ch/fr/eberhard-world/11a-biennale-del-patrimonio-orologiero/"]}]},{"@type":"ImageObject","inLanguage":"fr-FR","@id":"https://www.eberhard-co-watches.ch/fr/eberhard-world/11a-biennale-del-patrimonio-orologiero/#primaryimage","url":"https://www.eberhard-co-watches.ch/wp-content/uploads/2024/11/MINIATURE-SITO-Biennale-2.png","contentUrl":"https://www.eberhard-co-watches.ch/wp-content/uploads/2024/11/MINIATURE-SITO-Biennale-2.png","width":360,"height":460},{"@type":"WebSite","@id":"https://www.eberhard-co-watches.ch/fr/#website","url":"https://www.eberhard-co-watches.ch/fr/","name":"Eberhard &amp; Co.","description":"","publisher":{"@id":"https://www.eberhard-co-watches.ch/fr/#organization"},"potentialAction":[{"@type":"SearchAction","target":{"@type":"EntryPoint","urlTemplate":"https://www.eberhard-co-watches.ch/fr/?s={search_term_string}"},"query-input":{"@type":"PropertyValueSpecification","valueRequired":true,"valueName":"search_term_string"}}],"inLanguage":"fr-FR"},{"@type":"Organization","@id":"https://www.eberhard-co-watches.ch/fr/#organization","name":"Eberhard & Co. Watches","url":"https://www.eberhard-co-watches.ch/fr/","logo":{"@type":"ImageObject","inLanguage":"fr-FR","@id":"https://www.eberhard-co-watches.ch/fr/#/schema/logo/image/","url":"","contentUrl":"","caption":"Eberhard & Co. Watches"},"image":{"@id":"https://www.eberhard-co-watches.ch/fr/#/schema/logo/image/"}}]}</script>
<!-- / Yoast SEO plugin. -->

À l'occasion de la 11e Biennale du Patrimoine Horloger de La Chaux-de-Fonds, célébrant la riche tradition horlogère suisse, Eberhard &amp; Co. a dévoilé
