{"id":53084,"date":"2025-03-14T11:50:50","date_gmt":"2025-03-14T10:50:50","guid":{"rendered":"https:\/\/www.eberhard-co-watches.ch\/?post_type=eberhard-world&#038;p=53084"},"modified":"2025-05-13T15:31:14","modified_gmt":"2025-05-13T13:31:14","slug":"eberhard-co-official-timekeeper-de-racquet-trend-2025","status":"publish","type":"eberhard-world","link":"https:\/\/www.eberhard-co-watches.ch\/fr\/eberhard-world\/eberhard-co-official-timekeeper-de-racquet-trend-2025\/","title":{"rendered":"Eberhard &#038; Co. Official Timekeeper de Racquet Trend 2025"},"content":{"rendered":"<p>Eberhard &amp; Co. a pris part en tant que <strong>Official Timekeeper \u00e0 Racquet Trend 2025<\/strong>, l\u2019\u00e9v\u00e9nement international d\u00e9di\u00e9 aux sports de raquette, qui s\u2019est tenu du 7 au 9 mars dans les espaces du nouveau Pavillon Olympique de la Fiera Milano. L\u2019\u00e9v\u00e9nement s\u2019est d\u00e9ploy\u00e9 sur une superficie de 34 000 m\u00e8tres carr\u00e9s avec 22 terrains \u00e0 disposition, mettant principalement \u00e0 l\u2019honneur le tennis et le padel, deux disciplines qui s\u00e9duisent un tr\u00e8s large public, tant en Italie qu\u2019en Europe.<\/p>\n<p>\u00c0 cette occasion, l\u2019ar\u00e8ne principale de la zone tennis a \u00e9t\u00e9 baptis\u00e9e du nom de la Maison, devenant ainsi la \u00ab <strong><em>Eberhard &amp; Co. Tennis Arena<\/em><\/strong> \u00bb by Ennova. La marque a \u00e9t\u00e9 au c\u0153ur de plusieurs temps forts, tout en occupant \u00e9galement la VIP Lounge adjacente \u00e0 l\u2019ar\u00e8ne avec un corner exclusif. Durant ces trois jours, des milliers de visiteurs ont pu assister \u00e0 des matchs, des d\u00e9monstrations et des masterclasses anim\u00e9es par des athl\u00e8tes et entra\u00eeneurs de renomm\u00e9e internationale, tout en d\u00e9couvrant les derni\u00e8res tendances et innovations du monde des sports de raquette.<\/p>\n<p>La Maison suisse poss\u00e8de une longue tradition d\u2019engagement dans les \u00e9v\u00e9nements sportifs, un lien qui se renforce gr\u00e2ce \u00e0 l\u2019esprit dynamique de certaines de ses collections les plus embl\u00e9matiques \u2013 un esprit qui continuera d\u2019inspirer les nouveaut\u00e9s pr\u00e9vues pour 2025.<br \/>\nEberhard &amp; Co. partage \u00e9galement une affinit\u00e9 naturelle avec le public de l\u2019\u00e9v\u00e9nement, une audience interg\u00e9n\u00e9rationnelle o\u00f9 la passion pour le sport et la comp\u00e9tition s\u2019associe \u00e0 la volont\u00e9 d\u2019adopter un mode de vie actif, une valeur ch\u00e8re \u00e0 la marque.<\/p>\n<p>Comme l\u2019exprime Mario Peserico, Directeur G\u00e9n\u00e9ral d\u2019Eberhard &amp; Co. : <em><strong>\u00ab Le lien avec le sport fait partie int\u00e9grante de l\u2019histoire de la Maison et nous touche profond\u00e9ment, tant sur le plan personnel que professionnel. L\u2019\u00e9quilibre entre physique et mental, la discipline, le d\u00e9passement de soi, mais surtout le plaisir et l\u2019expression authentique de sa personnalit\u00e9 sont des valeurs fondamentales qui\u00a0nous\u00a0animent.\u00a0\u00bb<\/strong><\/em><\/p>\n","protected":false},"featured_media":53087,"template":"","news-world":[],"class_list":["post-53084","eberhard-world","type-eberhard-world","status-publish","has-post-thumbnail","hentry"],"acf":[],"yoast_head":"<!-- This site is optimized with the Yoast SEO plugin v23.9 - https:\/\/yoast.com\/wordpress\/plugins\/seo\/ -->\n<title>Eberhard &amp; Co. Official Timekeeper de Racquet Trend 2025 - Eberhard &amp; Co.<\/title>\n<meta name=\"description\" content=\"Eberhard &amp; Co. a pris part en tant que Official Timekeeper \u00e0 Racquet Trend 2025, l\u2019\u00e9v\u00e9nement international d\u00e9di\u00e9 aux sports de raquette, qui s\u2019est\" \/>\n<meta name=\"robots\" content=\"index, follow, max-snippet:-1, max-image-preview:large, max-video-preview:-1\" \/>\n<link rel=\"canonical\" href=\"https:\/\/www.eberhard-co-watches.ch\/fr\/eberhard-world\/eberhard-co-official-timekeeper-de-racquet-trend-2025\/\" \/>\n<meta property=\"og:locale\" content=\"fr_FR\" \/>\n<meta property=\"og:type\" content=\"article\" \/>\n<meta property=\"og:title\" content=\"Eberhard &amp; Co. Official Timekeeper de Racquet Trend 2025 - Eberhard &amp; Co.\" \/>\n<meta property=\"og:description\" content=\"Eberhard &amp; Co. a pris part en tant que Official Timekeeper \u00e0 Racquet Trend 2025, l\u2019\u00e9v\u00e9nement international d\u00e9di\u00e9 aux sports de raquette, qui s\u2019est\" \/>\n<meta property=\"og:url\" content=\"https:\/\/www.eberhard-co-watches.ch\/fr\/eberhard-world\/eberhard-co-official-timekeeper-de-racquet-trend-2025\/\" \/>\n<meta property=\"og:site_name\" content=\"Eberhard &amp; Co.\" \/>\n<meta property=\"article:modified_time\" content=\"2025-05-13T13:31:14+00:00\" \/>\n<meta property=\"og:image\" content=\"https:\/\/www.eberhard-co-watches.ch\/wp-content\/uploads\/2025\/03\/News_miniaura_Racquet_trend_FR.jpg\" \/>\n\t<meta property=\"og:image:width\" content=\"360\" \/>\n\t<meta property=\"og:image:height\" content=\"460\" \/>\n\t<meta property=\"og:image:type\" content=\"image\/jpeg\" \/>\n<meta name=\"twitter:card\" content=\"summary_large_image\" \/>\n<script type=\"application\/ld+json\" class=\"yoast-schema-graph\">{\"@context\":\"https:\/\/schema.org\",\"@graph\":[{\"@type\":\"WebPage\",\"@id\":\"https:\/\/www.eberhard-co-watches.ch\/fr\/eberhard-world\/eberhard-co-official-timekeeper-de-racquet-trend-2025\/\",\"url\":\"https:\/\/www.eberhard-co-watches.ch\/fr\/eberhard-world\/eberhard-co-official-timekeeper-de-racquet-trend-2025\/\",\"name\":\"Eberhard & Co. Official Timekeeper de Racquet Trend 2025 - Eberhard &amp; Co.\",\"isPartOf\":{\"@id\":\"https:\/\/www.eberhard-co-watches.ch\/fr\/#website\"},\"primaryImageOfPage\":{\"@id\":\"https:\/\/www.eberhard-co-watches.ch\/fr\/eberhard-world\/eberhard-co-official-timekeeper-de-racquet-trend-2025\/#primaryimage\"},\"image\":{\"@id\":\"https:\/\/www.eberhard-co-watches.ch\/fr\/eberhard-world\/eberhard-co-official-timekeeper-de-racquet-trend-2025\/#primaryimage\"},\"thumbnailUrl\":\"https:\/\/www.eberhard-co-watches.ch\/wp-content\/uploads\/2025\/03\/News_miniaura_Racquet_trend_FR.jpg\",\"datePublished\":\"2025-03-14T10:50:50+00:00\",\"dateModified\":\"2025-05-13T13:31:14+00:00\",\"description\":\"Eberhard &amp; Co. a pris part en tant que Official Timekeeper \u00e0 Racquet Trend 2025, l\u2019\u00e9v\u00e9nement international d\u00e9di\u00e9 aux sports de raquette, qui s\u2019est\",\"inLanguage\":\"fr-FR\",\"potentialAction\":[{\"@type\":\"ReadAction\",\"target\":[\"https:\/\/www.eberhard-co-watches.ch\/fr\/eberhard-world\/eberhard-co-official-timekeeper-de-racquet-trend-2025\/\"]}]},{\"@type\":\"ImageObject\",\"inLanguage\":\"fr-FR\",\"@id\":\"https:\/\/www.eberhard-co-watches.ch\/fr\/eberhard-world\/eberhard-co-official-timekeeper-de-racquet-trend-2025\/#primaryimage\",\"url\":\"https:\/\/www.eberhard-co-watches.ch\/wp-content\/uploads\/2025\/03\/News_miniaura_Racquet_trend_FR.jpg\",\"contentUrl\":\"https:\/\/www.eberhard-co-watches.ch\/wp-content\/uploads\/2025\/03\/News_miniaura_Racquet_trend_FR.jpg\",\"width\":360,\"height\":460},{\"@type\":\"WebSite\",\"@id\":\"https:\/\/www.eberhard-co-watches.ch\/fr\/#website\",\"url\":\"https:\/\/www.eberhard-co-watches.ch\/fr\/\",\"name\":\"Eberhard &amp; Co.\",\"description\":\"\",\"publisher\":{\"@id\":\"https:\/\/www.eberhard-co-watches.ch\/fr\/#organization\"},\"potentialAction\":[{\"@type\":\"SearchAction\",\"target\":{\"@type\":\"EntryPoint\",\"urlTemplate\":\"https:\/\/www.eberhard-co-watches.ch\/fr\/?s={search_term_string}\"},\"query-input\":{\"@type\":\"PropertyValueSpecification\",\"valueRequired\":true,\"valueName\":\"search_term_string\"}}],\"inLanguage\":\"fr-FR\"},{\"@type\":\"Organization\",\"@id\":\"https:\/\/www.eberhard-co-watches.ch\/fr\/#organization\",\"name\":\"Eberhard & Co. Watches\",\"url\":\"https:\/\/www.eberhard-co-watches.ch\/fr\/\",\"logo\":{\"@type\":\"ImageObject\",\"inLanguage\":\"fr-FR\",\"@id\":\"https:\/\/www.eberhard-co-watches.ch\/fr\/#\/schema\/logo\/image\/\",\"url\":\"\",\"contentUrl\":\"\",\"caption\":\"Eberhard & Co. Watches\"},\"image\":{\"@id\":\"https:\/\/www.eberhard-co-watches.ch\/fr\/#\/schema\/logo\/image\/\"}}]}<\/script>\n<!-- \/ Yoast SEO plugin. -->","yoast_head_json":{"title":"Eberhard & Co. Official Timekeeper de Racquet Trend 2025 - Eberhard &amp; Co.","description":"Eberhard &amp; Co. a pris part en tant que Official Timekeeper \u00e0 Racquet Trend 2025, l\u2019\u00e9v\u00e9nement international d\u00e9di\u00e9 aux sports de raquette, qui s\u2019est","robots":{"index":"index","follow":"follow","max-snippet":"max-snippet:-1","max-image-preview":"max-image-preview:large","max-video-preview":"max-video-preview:-1"},"canonical":"https:\/\/www.eberhard-co-watches.ch\/fr\/eberhard-world\/eberhard-co-official-timekeeper-de-racquet-trend-2025\/","og_locale":"fr_FR","og_type":"article","og_title":"Eberhard & Co. Official Timekeeper de Racquet Trend 2025 - Eberhard &amp; Co.","og_description":"Eberhard &amp; Co. a pris part en tant que Official Timekeeper \u00e0 Racquet Trend 2025, l\u2019\u00e9v\u00e9nement international d\u00e9di\u00e9 aux sports de raquette, qui s\u2019est","og_url":"https:\/\/www.eberhard-co-watches.ch\/fr\/eberhard-world\/eberhard-co-official-timekeeper-de-racquet-trend-2025\/","og_site_name":"Eberhard &amp; Co.","article_modified_time":"2025-05-13T13:31:14+00:00","og_image":[{"width":360,"height":460,"url":"https:\/\/www.eberhard-co-watches.ch\/wp-content\/uploads\/2025\/03\/News_miniaura_Racquet_trend_FR.jpg","type":"image\/jpeg"}],"twitter_card":"summary_large_image","schema":{"@context":"https:\/\/schema.org","@graph":[{"@type":"WebPage","@id":"https:\/\/www.eberhard-co-watches.ch\/fr\/eberhard-world\/eberhard-co-official-timekeeper-de-racquet-trend-2025\/","url":"https:\/\/www.eberhard-co-watches.ch\/fr\/eberhard-world\/eberhard-co-official-timekeeper-de-racquet-trend-2025\/","name":"Eberhard & Co. Official Timekeeper de Racquet Trend 2025 - Eberhard &amp; Co.","isPartOf":{"@id":"https:\/\/www.eberhard-co-watches.ch\/fr\/#website"},"primaryImageOfPage":{"@id":"https:\/\/www.eberhard-co-watches.ch\/fr\/eberhard-world\/eberhard-co-official-timekeeper-de-racquet-trend-2025\/#primaryimage"},"image":{"@id":"https:\/\/www.eberhard-co-watches.ch\/fr\/eberhard-world\/eberhard-co-official-timekeeper-de-racquet-trend-2025\/#primaryimage"},"thumbnailUrl":"https:\/\/www.eberhard-co-watches.ch\/wp-content\/uploads\/2025\/03\/News_miniaura_Racquet_trend_FR.jpg","datePublished":"2025-03-14T10:50:50+00:00","dateModified":"2025-05-13T13:31:14+00:00","description":"Eberhard &amp; Co. a pris part en tant que Official Timekeeper \u00e0 Racquet Trend 2025, l\u2019\u00e9v\u00e9nement international d\u00e9di\u00e9 aux sports de raquette, qui s\u2019est","inLanguage":"fr-FR","potentialAction":[{"@type":"ReadAction","target":["https:\/\/www.eberhard-co-watches.ch\/fr\/eberhard-world\/eberhard-co-official-timekeeper-de-racquet-trend-2025\/"]}]},{"@type":"ImageObject","inLanguage":"fr-FR","@id":"https:\/\/www.eberhard-co-watches.ch\/fr\/eberhard-world\/eberhard-co-official-timekeeper-de-racquet-trend-2025\/#primaryimage","url":"https:\/\/www.eberhard-co-watches.ch\/wp-content\/uploads\/2025\/03\/News_miniaura_Racquet_trend_FR.jpg","contentUrl":"https:\/\/www.eberhard-co-watches.ch\/wp-content\/uploads\/2025\/03\/News_miniaura_Racquet_trend_FR.jpg","width":360,"height":460},{"@type":"WebSite","@id":"https:\/\/www.eberhard-co-watches.ch\/fr\/#website","url":"https:\/\/www.eberhard-co-watches.ch\/fr\/","name":"Eberhard &amp; Co.","description":"","publisher":{"@id":"https:\/\/www.eberhard-co-watches.ch\/fr\/#organization"},"potentialAction":[{"@type":"SearchAction","target":{"@type":"EntryPoint","urlTemplate":"https:\/\/www.eberhard-co-watches.ch\/fr\/?s={search_term_string}"},"query-input":{"@type":"PropertyValueSpecification","valueRequired":true,"valueName":"search_term_string"}}],"inLanguage":"fr-FR"},{"@type":"Organization","@id":"https:\/\/www.eberhard-co-watches.ch\/fr\/#organization","name":"Eberhard & Co. Watches","url":"https:\/\/www.eberhard-co-watches.ch\/fr\/","logo":{"@type":"ImageObject","inLanguage":"fr-FR","@id":"https:\/\/www.eberhard-co-watches.ch\/fr\/#\/schema\/logo\/image\/","url":"","contentUrl":"","caption":"Eberhard & Co. Watches"},"image":{"@id":"https:\/\/www.eberhard-co-watches.ch\/fr\/#\/schema\/logo\/image\/"}}]}},"_links":{"self":[{"href":"https:\/\/www.eberhard-co-watches.ch\/fr\/wp-json\/wp\/v2\/eberhard-world\/53084"}],"collection":[{"href":"https:\/\/www.eberhard-co-watches.ch\/fr\/wp-json\/wp\/v2\/eberhard-world"}],"about":[{"href":"https:\/\/www.eberhard-co-watches.ch\/fr\/wp-json\/wp\/v2\/types\/eberhard-world"}],"version-history":[{"count":0,"href":"https:\/\/www.eberhard-co-watches.ch\/fr\/wp-json\/wp\/v2\/eberhard-world\/53084\/revisions"}],"wp:featuredmedia":[{"embeddable":true,"href":"https:\/\/www.eberhard-co-watches.ch\/fr\/wp-json\/wp\/v2\/media\/53087"}],"wp:attachment":[{"href":"https:\/\/www.eberhard-co-watches.ch\/fr\/wp-json\/wp\/v2\/media?parent=53084"}],"wp:term":[{"taxonomy":"news-world","embeddable":true,"href":"https:\/\/www.eberhard-co-watches.ch\/fr\/wp-json\/wp\/v2\/news-world?post=53084"}],"curies":[{"name":"wp","href":"https:\/\/api.w.org\/{rel}","templated":true}]}}

<p>Eberhard &amp; Co. a pris part en tant que <strong>Official Timekeeper à Racquet Trend 2025</strong>, l’événement international dédié aux sports de raquette, qui s’est tenu du 7 au 9 mars dans les espaces du nouveau Pavillon Olympique de la Fiera Milano. L’événement s’est déployé sur une superficie de 34 000 mètres carrés avec 22 terrains à disposition, mettant principalement à l’honneur le tennis et le padel, deux disciplines qui séduisent un très large public, tant en Italie qu’en Europe.</p>
<p>À cette occasion, l’arène principale de la zone tennis a été baptisée du nom de la Maison, devenant ainsi la « <strong><em>Eberhard &amp; Co. Tennis Arena</em></strong> » by Ennova. La marque a été au cœur de plusieurs temps forts, tout en occupant également la VIP Lounge adjacente à l’arène avec un corner exclusif. Durant ces trois jours, des milliers de visiteurs ont pu assister à des matchs, des démonstrations et des masterclasses animées par des athlètes et entraîneurs de renommée internationale, tout en découvrant les dernières tendances et innovations du monde des sports de raquette.</p>
<p>La Maison suisse possède une longue tradition d’engagement dans les événements sportifs, un lien qui se renforce grâce à l’esprit dynamique de certaines de ses collections les plus emblématiques – un esprit qui continuera d’inspirer les nouveautés prévues pour 2025.<br />
Eberhard &amp; Co. partage également une affinité naturelle avec le public de l’événement, une audience intergénérationnelle où la passion pour le sport et la compétition s’associe à la volonté d’adopter un mode de vie actif, une valeur chère à la marque.</p>
<p>Comme l’exprime Mario Peserico, Directeur Général d’Eberhard &amp; Co. : <em><strong>« Le lien avec le sport fait partie intégrante de l’histoire de la Maison et nous touche profondément, tant sur le plan personnel que professionnel. L’équilibre entre physique et mental, la discipline, le dépassement de soi, mais surtout le plaisir et l’expression authentique de sa personnalité sont des valeurs fondamentales qui nous animent. »</strong></em></p>

<!-- This site is optimized with the Yoast SEO plugin v23.9 - https://yoast.com/wordpress/plugins/seo/ -->
<title>Eberhard &amp; Co. Official Timekeeper de Racquet Trend 2025 - Eberhard &amp; Co.</title>
<meta name="description" content="Eberhard &amp; Co. a pris part en tant que Official Timekeeper à Racquet Trend 2025, l’événement international dédié aux sports de raquette, qui s’est" />
<meta name="robots" content="index, follow, max-snippet:-1, max-image-preview:large, max-video-preview:-1" />
<link rel="canonical" href="https://www.eberhard-co-watches.ch/fr/eberhard-world/eberhard-co-official-timekeeper-de-racquet-trend-2025/" />
<meta property="og:locale" content="fr_FR" />
<meta property="og:type" content="article" />
<meta property="og:title" content="Eberhard &amp; Co. Official Timekeeper de Racquet Trend 2025 - Eberhard &amp; Co." />
<meta property="og:description" content="Eberhard &amp; Co. a pris part en tant que Official Timekeeper à Racquet Trend 2025, l’événement international dédié aux sports de raquette, qui s’est" />
<meta property="og:url" content="https://www.eberhard-co-watches.ch/fr/eberhard-world/eberhard-co-official-timekeeper-de-racquet-trend-2025/" />
<meta property="og:site_name" content="Eberhard &amp; Co." />
<meta property="article:modified_time" content="2025-05-13T13:31:14+00:00" />
<meta property="og:image" content="https://www.eberhard-co-watches.ch/wp-content/uploads/2025/03/News_miniaura_Racquet_trend_FR.jpg" />
	<meta property="og:image:width" content="360" />
	<meta property="og:image:height" content="460" />
	<meta property="og:image:type" content="image/jpeg" />
<meta name="twitter:card" content="summary_large_image" />
<script type="application/ld+json" class="yoast-schema-graph">{"@context":"https://schema.org","@graph":[{"@type":"WebPage","@id":"https://www.eberhard-co-watches.ch/fr/eberhard-world/eberhard-co-official-timekeeper-de-racquet-trend-2025/","url":"https://www.eberhard-co-watches.ch/fr/eberhard-world/eberhard-co-official-timekeeper-de-racquet-trend-2025/","name":"Eberhard & Co. Official Timekeeper de Racquet Trend 2025 - Eberhard &amp; Co.","isPartOf":{"@id":"https://www.eberhard-co-watches.ch/fr/#website"},"primaryImageOfPage":{"@id":"https://www.eberhard-co-watches.ch/fr/eberhard-world/eberhard-co-official-timekeeper-de-racquet-trend-2025/#primaryimage"},"image":{"@id":"https://www.eberhard-co-watches.ch/fr/eberhard-world/eberhard-co-official-timekeeper-de-racquet-trend-2025/#primaryimage"},"thumbnailUrl":"https://www.eberhard-co-watches.ch/wp-content/uploads/2025/03/News_miniaura_Racquet_trend_FR.jpg","datePublished":"2025-03-14T10:50:50+00:00","dateModified":"2025-05-13T13:31:14+00:00","description":"Eberhard &amp; Co. a pris part en tant que Official Timekeeper à Racquet Trend 2025, l’événement international dédié aux sports de raquette, qui s’est","inLanguage":"fr-FR","potentialAction":[{"@type":"ReadAction","target":["https://www.eberhard-co-watches.ch/fr/eberhard-world/eberhard-co-official-timekeeper-de-racquet-trend-2025/"]}]},{"@type":"ImageObject","inLanguage":"fr-FR","@id":"https://www.eberhard-co-watches.ch/fr/eberhard-world/eberhard-co-official-timekeeper-de-racquet-trend-2025/#primaryimage","url":"https://www.eberhard-co-watches.ch/wp-content/uploads/2025/03/News_miniaura_Racquet_trend_FR.jpg","contentUrl":"https://www.eberhard-co-watches.ch/wp-content/uploads/2025/03/News_miniaura_Racquet_trend_FR.jpg","width":360,"height":460},{"@type":"WebSite","@id":"https://www.eberhard-co-watches.ch/fr/#website","url":"https://www.eberhard-co-watches.ch/fr/","name":"Eberhard &amp; Co.","description":"","publisher":{"@id":"https://www.eberhard-co-watches.ch/fr/#organization"},"potentialAction":[{"@type":"SearchAction","target":{"@type":"EntryPoint","urlTemplate":"https://www.eberhard-co-watches.ch/fr/?s={search_term_string}"},"query-input":{"@type":"PropertyValueSpecification","valueRequired":true,"valueName":"search_term_string"}}],"inLanguage":"fr-FR"},{"@type":"Organization","@id":"https://www.eberhard-co-watches.ch/fr/#organization","name":"Eberhard & Co. Watches","url":"https://www.eberhard-co-watches.ch/fr/","logo":{"@type":"ImageObject","inLanguage":"fr-FR","@id":"https://www.eberhard-co-watches.ch/fr/#/schema/logo/image/","url":"","contentUrl":"","caption":"Eberhard & Co. Watches"},"image":{"@id":"https://www.eberhard-co-watches.ch/fr/#/schema/logo/image/"}}]}</script>
<!-- / Yoast SEO plugin. -->

Eberhard &amp; Co. a pris part en tant que Official Timekeeper à Racquet Trend 2025, l’événement international dédié aux sports de raquette, qui s’est
