{"id":54433,"date":"2024-11-05T12:50:37","date_gmt":"2024-11-05T11:50:37","guid":{"rendered":"https:\/\/www.eberhard-co-watches.ch\/product\/eberhard-co-cappello\/"},"modified":"2025-03-20T20:20:39","modified_gmt":"2025-03-20T19:20:39","slug":"eberhard-co-cappello","status":"publish","type":"product","link":"https:\/\/www.eberhard-co-watches.ch\/fr\/product\/eberhard-co-cappello\/","title":{"rendered":"Casquette"},"content":{"rendered":"<p>\u2013 Casquette bleue en tissu hautement respirant et imperm\u00e9able<br \/>\n\u2013 Logo Eberhard &amp; Co. brod\u00e9 en blanc<br \/>\n\u2013 Bordure blanche sur la visi\u00e8re avec r\u00e9p\u00e9tition du nom de la marque<br \/>\n\u2013 Int\u00e9rieur de la visi\u00e8re d\u00e9cor\u00e9 avec le motif \u00e9cusson Eberhard &amp; Co.<br \/>\n\u2013 Boucle arri\u00e8re en m\u00e9tal r\u00e9glable, d\u00e9cor\u00e9e de l\u2019embl\u00e8me de la Maison, l&#8217;\u00e9cusson<\/p>\n<p>Taille unique<\/p>\n<p>Retours<br \/>\nCet article peut \u00eatre retourn\u00e9 aux frais de l\u2019acheteur, dans son emballage d\u2019origine, sous 14 jours \u00e0 compter de la date d\u2019achat.<\/p>\n<p><span class=\"reso-testo\"><a href=\"https:\/\/www.eberhard-co-watches.ch\/wp-content\/uploads\/2025\/01\/modulo-reso-ecommerce_eng.pdf\" target=\"_blank\" rel=\"noopener noreferrer\">Cliquez ici<\/a> pour t\u00e9l\u00e9charger le formulaire de retour.<\/span><\/p>\n","protected":false},"excerpt":{"rendered":"<p>\u2013 Casquette bleue en tissu hautement respirant et imperm\u00e9able \u2013 Logo Eberhard &amp; Co. brod\u00e9 en blanc \u2013 Bordure blanche sur la visi\u00e8re avec r\u00e9p\u00e9tition du nom de la marque \u2013 Int\u00e9rieur de la visi\u00e8re d\u00e9cor\u00e9 avec le motif \u00e9cusson Eberhard &amp; Co. \u2013 Boucle arri\u00e8re en m\u00e9tal r\u00e9glable, d\u00e9cor\u00e9e de l\u2019embl\u00e8me de la Maison, [&hellip;]<\/p>\n","protected":false},"featured_media":42616,"template":"","meta":{"_acf_changed":false,"_seopress_robots_primary_cat":"none","_seopress_titles_title":"","_seopress_titles_desc":"","_seopress_robots_index":"","inline_featured_image":false},"product_cat":[926],"product_tag":[],"collection":[],"class_list":{"0":"post-54433","1":"product","2":"type-product","3":"status-publish","4":"has-post-thumbnail","6":"product_cat-cappello-fr","8":"first","9":"instock","10":"shipping-taxable","11":"purchasable","12":"product-type-simple"},"acf":[],"yoast_head":"<!-- This site is optimized with the Yoast SEO plugin v23.9 - https:\/\/yoast.com\/wordpress\/plugins\/seo\/ -->\n<title>Casquette - Eberhard &amp; Co.<\/title>\n<meta name=\"description\" content=\"\u2013 Casquette bleue en tissu hautement respirant et imperm\u00e9able \u2013 Logo Eberhard &amp; Co. brod\u00e9 en blanc \u2013 Bordure blanche sur la visi\u00e8re avec r\u00e9p\u00e9tition du\" \/>\n<meta name=\"robots\" content=\"index, follow, max-snippet:-1, max-image-preview:large, max-video-preview:-1\" \/>\n<link rel=\"canonical\" href=\"https:\/\/www.eberhard-co-watches.ch\/fr\/product\/eberhard-co-cappello\/\" \/>\n<meta property=\"og:locale\" content=\"fr_FR\" \/>\n<meta property=\"og:type\" content=\"article\" \/>\n<meta property=\"og:title\" content=\"Casquette - Eberhard &amp; Co.\" \/>\n<meta property=\"og:description\" content=\"\u2013 Casquette bleue en tissu hautement respirant et imperm\u00e9able \u2013 Logo Eberhard &amp; Co. brod\u00e9 en blanc \u2013 Bordure blanche sur la visi\u00e8re avec r\u00e9p\u00e9tition du\" \/>\n<meta property=\"og:url\" content=\"https:\/\/www.eberhard-co-watches.ch\/fr\/product\/eberhard-co-cappello\/\" \/>\n<meta property=\"og:site_name\" content=\"Eberhard &amp; Co.\" \/>\n<meta property=\"article:modified_time\" content=\"2025-03-20T19:20:39+00:00\" \/>\n<meta property=\"og:image\" content=\"https:\/\/www.eberhard-co-watches.ch\/wp-content\/uploads\/2024\/11\/Cappello_intermedia.jpg\" \/>\n\t<meta property=\"og:image:width\" content=\"840\" \/>\n\t<meta property=\"og:image:height\" content=\"840\" \/>\n\t<meta property=\"og:image:type\" content=\"image\/jpeg\" \/>\n<meta name=\"twitter:card\" content=\"summary_large_image\" \/>\n<script type=\"application\/ld+json\" class=\"yoast-schema-graph\">{\"@context\":\"https:\/\/schema.org\",\"@graph\":[{\"@type\":\"WebPage\",\"@id\":\"https:\/\/www.eberhard-co-watches.ch\/fr\/product\/eberhard-co-cappello\/\",\"url\":\"https:\/\/www.eberhard-co-watches.ch\/fr\/product\/eberhard-co-cappello\/\",\"name\":\"Casquette - Eberhard &amp; Co.\",\"isPartOf\":{\"@id\":\"https:\/\/www.eberhard-co-watches.ch\/fr\/#website\"},\"primaryImageOfPage\":{\"@id\":\"https:\/\/www.eberhard-co-watches.ch\/fr\/product\/eberhard-co-cappello\/#primaryimage\"},\"image\":{\"@id\":\"https:\/\/www.eberhard-co-watches.ch\/fr\/product\/eberhard-co-cappello\/#primaryimage\"},\"thumbnailUrl\":\"https:\/\/www.eberhard-co-watches.ch\/wp-content\/uploads\/2024\/11\/Cappello_intermedia.jpg\",\"datePublished\":\"2024-11-05T11:50:37+00:00\",\"dateModified\":\"2025-03-20T19:20:39+00:00\",\"description\":\"\u2013 Casquette bleue en tissu hautement respirant et imperm\u00e9able \u2013 Logo Eberhard &amp; Co. brod\u00e9 en blanc \u2013 Bordure blanche sur la visi\u00e8re avec r\u00e9p\u00e9tition du\",\"breadcrumb\":{\"@id\":\"https:\/\/www.eberhard-co-watches.ch\/fr\/product\/eberhard-co-cappello\/#breadcrumb\"},\"inLanguage\":\"fr-FR\",\"potentialAction\":[{\"@type\":\"ReadAction\",\"target\":[\"https:\/\/www.eberhard-co-watches.ch\/fr\/product\/eberhard-co-cappello\/\"]}]},{\"@type\":\"ImageObject\",\"inLanguage\":\"fr-FR\",\"@id\":\"https:\/\/www.eberhard-co-watches.ch\/fr\/product\/eberhard-co-cappello\/#primaryimage\",\"url\":\"https:\/\/www.eberhard-co-watches.ch\/wp-content\/uploads\/2024\/11\/Cappello_intermedia.jpg\",\"contentUrl\":\"https:\/\/www.eberhard-co-watches.ch\/wp-content\/uploads\/2024\/11\/Cappello_intermedia.jpg\",\"width\":840,\"height\":840},{\"@type\":\"BreadcrumbList\",\"@id\":\"https:\/\/www.eberhard-co-watches.ch\/fr\/product\/eberhard-co-cappello\/#breadcrumb\",\"itemListElement\":[{\"@type\":\"ListItem\",\"position\":1,\"name\":\"Negozio\",\"item\":\"https:\/\/www.eberhard-co-watches.ch\/negozio\/\"},{\"@type\":\"ListItem\",\"position\":2,\"name\":\"Casquette\"}]},{\"@type\":\"WebSite\",\"@id\":\"https:\/\/www.eberhard-co-watches.ch\/fr\/#website\",\"url\":\"https:\/\/www.eberhard-co-watches.ch\/fr\/\",\"name\":\"Eberhard &amp; Co.\",\"description\":\"\",\"publisher\":{\"@id\":\"https:\/\/www.eberhard-co-watches.ch\/fr\/#organization\"},\"potentialAction\":[{\"@type\":\"SearchAction\",\"target\":{\"@type\":\"EntryPoint\",\"urlTemplate\":\"https:\/\/www.eberhard-co-watches.ch\/fr\/?s={search_term_string}\"},\"query-input\":{\"@type\":\"PropertyValueSpecification\",\"valueRequired\":true,\"valueName\":\"search_term_string\"}}],\"inLanguage\":\"fr-FR\"},{\"@type\":\"Organization\",\"@id\":\"https:\/\/www.eberhard-co-watches.ch\/fr\/#organization\",\"name\":\"Eberhard & Co. Watches\",\"url\":\"https:\/\/www.eberhard-co-watches.ch\/fr\/\",\"logo\":{\"@type\":\"ImageObject\",\"inLanguage\":\"fr-FR\",\"@id\":\"https:\/\/www.eberhard-co-watches.ch\/fr\/#\/schema\/logo\/image\/\",\"url\":\"\",\"contentUrl\":\"\",\"caption\":\"Eberhard & Co. Watches\"},\"image\":{\"@id\":\"https:\/\/www.eberhard-co-watches.ch\/fr\/#\/schema\/logo\/image\/\"}}]}<\/script>\n<!-- \/ Yoast SEO plugin. -->","yoast_head_json":{"title":"Casquette - Eberhard &amp; Co.","description":"\u2013 Casquette bleue en tissu hautement respirant et imperm\u00e9able \u2013 Logo Eberhard &amp; Co. brod\u00e9 en blanc \u2013 Bordure blanche sur la visi\u00e8re avec r\u00e9p\u00e9tition du","robots":{"index":"index","follow":"follow","max-snippet":"max-snippet:-1","max-image-preview":"max-image-preview:large","max-video-preview":"max-video-preview:-1"},"canonical":"https:\/\/www.eberhard-co-watches.ch\/fr\/product\/eberhard-co-cappello\/","og_locale":"fr_FR","og_type":"article","og_title":"Casquette - Eberhard &amp; Co.","og_description":"\u2013 Casquette bleue en tissu hautement respirant et imperm\u00e9able \u2013 Logo Eberhard &amp; Co. brod\u00e9 en blanc \u2013 Bordure blanche sur la visi\u00e8re avec r\u00e9p\u00e9tition du","og_url":"https:\/\/www.eberhard-co-watches.ch\/fr\/product\/eberhard-co-cappello\/","og_site_name":"Eberhard &amp; Co.","article_modified_time":"2025-03-20T19:20:39+00:00","og_image":[{"width":840,"height":840,"url":"https:\/\/www.eberhard-co-watches.ch\/wp-content\/uploads\/2024\/11\/Cappello_intermedia.jpg","type":"image\/jpeg"}],"twitter_card":"summary_large_image","schema":{"@context":"https:\/\/schema.org","@graph":[{"@type":"WebPage","@id":"https:\/\/www.eberhard-co-watches.ch\/fr\/product\/eberhard-co-cappello\/","url":"https:\/\/www.eberhard-co-watches.ch\/fr\/product\/eberhard-co-cappello\/","name":"Casquette - Eberhard &amp; Co.","isPartOf":{"@id":"https:\/\/www.eberhard-co-watches.ch\/fr\/#website"},"primaryImageOfPage":{"@id":"https:\/\/www.eberhard-co-watches.ch\/fr\/product\/eberhard-co-cappello\/#primaryimage"},"image":{"@id":"https:\/\/www.eberhard-co-watches.ch\/fr\/product\/eberhard-co-cappello\/#primaryimage"},"thumbnailUrl":"https:\/\/www.eberhard-co-watches.ch\/wp-content\/uploads\/2024\/11\/Cappello_intermedia.jpg","datePublished":"2024-11-05T11:50:37+00:00","dateModified":"2025-03-20T19:20:39+00:00","description":"\u2013 Casquette bleue en tissu hautement respirant et imperm\u00e9able \u2013 Logo Eberhard &amp; Co. brod\u00e9 en blanc \u2013 Bordure blanche sur la visi\u00e8re avec r\u00e9p\u00e9tition du","breadcrumb":{"@id":"https:\/\/www.eberhard-co-watches.ch\/fr\/product\/eberhard-co-cappello\/#breadcrumb"},"inLanguage":"fr-FR","potentialAction":[{"@type":"ReadAction","target":["https:\/\/www.eberhard-co-watches.ch\/fr\/product\/eberhard-co-cappello\/"]}]},{"@type":"ImageObject","inLanguage":"fr-FR","@id":"https:\/\/www.eberhard-co-watches.ch\/fr\/product\/eberhard-co-cappello\/#primaryimage","url":"https:\/\/www.eberhard-co-watches.ch\/wp-content\/uploads\/2024\/11\/Cappello_intermedia.jpg","contentUrl":"https:\/\/www.eberhard-co-watches.ch\/wp-content\/uploads\/2024\/11\/Cappello_intermedia.jpg","width":840,"height":840},{"@type":"BreadcrumbList","@id":"https:\/\/www.eberhard-co-watches.ch\/fr\/product\/eberhard-co-cappello\/#breadcrumb","itemListElement":[{"@type":"ListItem","position":1,"name":"Negozio","item":"https:\/\/www.eberhard-co-watches.ch\/negozio\/"},{"@type":"ListItem","position":2,"name":"Casquette"}]},{"@type":"WebSite","@id":"https:\/\/www.eberhard-co-watches.ch\/fr\/#website","url":"https:\/\/www.eberhard-co-watches.ch\/fr\/","name":"Eberhard &amp; Co.","description":"","publisher":{"@id":"https:\/\/www.eberhard-co-watches.ch\/fr\/#organization"},"potentialAction":[{"@type":"SearchAction","target":{"@type":"EntryPoint","urlTemplate":"https:\/\/www.eberhard-co-watches.ch\/fr\/?s={search_term_string}"},"query-input":{"@type":"PropertyValueSpecification","valueRequired":true,"valueName":"search_term_string"}}],"inLanguage":"fr-FR"},{"@type":"Organization","@id":"https:\/\/www.eberhard-co-watches.ch\/fr\/#organization","name":"Eberhard & Co. Watches","url":"https:\/\/www.eberhard-co-watches.ch\/fr\/","logo":{"@type":"ImageObject","inLanguage":"fr-FR","@id":"https:\/\/www.eberhard-co-watches.ch\/fr\/#\/schema\/logo\/image\/","url":"","contentUrl":"","caption":"Eberhard & Co. Watches"},"image":{"@id":"https:\/\/www.eberhard-co-watches.ch\/fr\/#\/schema\/logo\/image\/"}}]}},"_links":{"self":[{"href":"https:\/\/www.eberhard-co-watches.ch\/fr\/wp-json\/wp\/v2\/product\/54433"}],"collection":[{"href":"https:\/\/www.eberhard-co-watches.ch\/fr\/wp-json\/wp\/v2\/product"}],"about":[{"href":"https:\/\/www.eberhard-co-watches.ch\/fr\/wp-json\/wp\/v2\/types\/product"}],"wp:featuredmedia":[{"embeddable":true,"href":"https:\/\/www.eberhard-co-watches.ch\/fr\/wp-json\/wp\/v2\/media\/42616"}],"wp:attachment":[{"href":"https:\/\/www.eberhard-co-watches.ch\/fr\/wp-json\/wp\/v2\/media?parent=54433"}],"wp:term":[{"taxonomy":"product_cat","embeddable":true,"href":"https:\/\/www.eberhard-co-watches.ch\/fr\/wp-json\/wp\/v2\/product_cat?post=54433"},{"taxonomy":"product_tag","embeddable":true,"href":"https:\/\/www.eberhard-co-watches.ch\/fr\/wp-json\/wp\/v2\/product_tag?post=54433"},{"taxonomy":"collection","embeddable":true,"href":"https:\/\/www.eberhard-co-watches.ch\/fr\/wp-json\/wp\/v2\/collection?post=54433"}],"curies":[{"name":"wp","href":"https:\/\/api.w.org\/{rel}","templated":true}]}}

<p>– Casquette bleue en tissu hautement respirant et imperméable<br />
– Logo Eberhard &amp; Co. brodé en blanc<br />
– Bordure blanche sur la visière avec répétition du nom de la marque<br />
– Intérieur de la visière décoré avec le motif écusson Eberhard &amp; Co.<br />
– Boucle arrière en métal réglable, décorée de l’emblème de la Maison, l&#8217;écusson</p>
<p>Taille unique</p>
<p>Retours<br />
Cet article peut être retourné aux frais de l’acheteur, dans son emballage d’origine, sous 14 jours à compter de la date d’achat.</p>
<p><span class="reso-testo"><a href="https://www.eberhard-co-watches.ch/wp-content/uploads/2025/01/modulo-reso-ecommerce_eng.pdf" target="_blank" rel="noopener noreferrer">Cliquez ici</a> pour télécharger le formulaire de retour.</span></p>

<p>– Casquette bleue en tissu hautement respirant et imperméable – Logo Eberhard &amp; Co. brodé en blanc – Bordure blanche sur la visière avec répétition du nom de la marque – Intérieur de la visière décoré avec le motif écusson Eberhard &amp; Co. – Boucle arrière en métal réglable, décorée de l’emblème de la Maison, [&hellip;]</p>

<!-- This site is optimized with the Yoast SEO plugin v23.9 - https://yoast.com/wordpress/plugins/seo/ -->
<title>Casquette - Eberhard &amp; Co.</title>
<meta name="description" content="– Casquette bleue en tissu hautement respirant et imperméable – Logo Eberhard &amp; Co. brodé en blanc – Bordure blanche sur la visière avec répétition du" />
<meta name="robots" content="index, follow, max-snippet:-1, max-image-preview:large, max-video-preview:-1" />
<link rel="canonical" href="https://www.eberhard-co-watches.ch/fr/product/eberhard-co-cappello/" />
<meta property="og:locale" content="fr_FR" />
<meta property="og:type" content="article" />
<meta property="og:title" content="Casquette - Eberhard &amp; Co." />
<meta property="og:description" content="– Casquette bleue en tissu hautement respirant et imperméable – Logo Eberhard &amp; Co. brodé en blanc – Bordure blanche sur la visière avec répétition du" />
<meta property="og:url" content="https://www.eberhard-co-watches.ch/fr/product/eberhard-co-cappello/" />
<meta property="og:site_name" content="Eberhard &amp; Co." />
<meta property="article:modified_time" content="2025-03-20T19:20:39+00:00" />
<meta property="og:image" content="https://www.eberhard-co-watches.ch/wp-content/uploads/2024/11/Cappello_intermedia.jpg" />
	<meta property="og:image:width" content="840" />
	<meta property="og:image:height" content="840" />
	<meta property="og:image:type" content="image/jpeg" />
<meta name="twitter:card" content="summary_large_image" />
<script type="application/ld+json" class="yoast-schema-graph">{"@context":"https://schema.org","@graph":[{"@type":"WebPage","@id":"https://www.eberhard-co-watches.ch/fr/product/eberhard-co-cappello/","url":"https://www.eberhard-co-watches.ch/fr/product/eberhard-co-cappello/","name":"Casquette - Eberhard &amp; Co.","isPartOf":{"@id":"https://www.eberhard-co-watches.ch/fr/#website"},"primaryImageOfPage":{"@id":"https://www.eberhard-co-watches.ch/fr/product/eberhard-co-cappello/#primaryimage"},"image":{"@id":"https://www.eberhard-co-watches.ch/fr/product/eberhard-co-cappello/#primaryimage"},"thumbnailUrl":"https://www.eberhard-co-watches.ch/wp-content/uploads/2024/11/Cappello_intermedia.jpg","datePublished":"2024-11-05T11:50:37+00:00","dateModified":"2025-03-20T19:20:39+00:00","description":"– Casquette bleue en tissu hautement respirant et imperméable – Logo Eberhard &amp; Co. brodé en blanc – Bordure blanche sur la visière avec répétition du","breadcrumb":{"@id":"https://www.eberhard-co-watches.ch/fr/product/eberhard-co-cappello/#breadcrumb"},"inLanguage":"fr-FR","potentialAction":[{"@type":"ReadAction","target":["https://www.eberhard-co-watches.ch/fr/product/eberhard-co-cappello/"]}]},{"@type":"ImageObject","inLanguage":"fr-FR","@id":"https://www.eberhard-co-watches.ch/fr/product/eberhard-co-cappello/#primaryimage","url":"https://www.eberhard-co-watches.ch/wp-content/uploads/2024/11/Cappello_intermedia.jpg","contentUrl":"https://www.eberhard-co-watches.ch/wp-content/uploads/2024/11/Cappello_intermedia.jpg","width":840,"height":840},{"@type":"BreadcrumbList","@id":"https://www.eberhard-co-watches.ch/fr/product/eberhard-co-cappello/#breadcrumb","itemListElement":[{"@type":"ListItem","position":1,"name":"Negozio","item":"https://www.eberhard-co-watches.ch/negozio/"},{"@type":"ListItem","position":2,"name":"Casquette"}]},{"@type":"WebSite","@id":"https://www.eberhard-co-watches.ch/fr/#website","url":"https://www.eberhard-co-watches.ch/fr/","name":"Eberhard &amp; Co.","description":"","publisher":{"@id":"https://www.eberhard-co-watches.ch/fr/#organization"},"potentialAction":[{"@type":"SearchAction","target":{"@type":"EntryPoint","urlTemplate":"https://www.eberhard-co-watches.ch/fr/?s={search_term_string}"},"query-input":{"@type":"PropertyValueSpecification","valueRequired":true,"valueName":"search_term_string"}}],"inLanguage":"fr-FR"},{"@type":"Organization","@id":"https://www.eberhard-co-watches.ch/fr/#organization","name":"Eberhard & Co. Watches","url":"https://www.eberhard-co-watches.ch/fr/","logo":{"@type":"ImageObject","inLanguage":"fr-FR","@id":"https://www.eberhard-co-watches.ch/fr/#/schema/logo/image/","url":"","contentUrl":"","caption":"Eberhard & Co. Watches"},"image":{"@id":"https://www.eberhard-co-watches.ch/fr/#/schema/logo/image/"}}]}</script>
<!-- / Yoast SEO plugin. -->

– Casquette bleue en tissu hautement respirant et imperméable – Logo Eberhard &amp; Co. brodé en blanc – Bordure blanche sur la visière avec répétition du
